{"version":"1.0","provider_name":"CU4 Arquitectos en Valencia | Estudio de arquitectura","provider_url":"https:\/\/cu4arquitectura.com\/en\/","author_name":"marketing_cu4","author_url":"https:\/\/cu4arquitectura.com\/en\/author\/marketing_cu4\/","title":"Ciudades saludables. Calidad del aire. - CU4 Arquitectos en Valencia | Estudio de arquitectura","type":"rich","width":600,"height":338,"html":"<blockquote class=\"wp-embedded-content\" data-secret=\"x6GMbXlDwO\"><a href=\"https:\/\/cu4arquitectura.com\/en\/2022\/04\/02\/ciudades-saludables-calidad-del-aire\/\">Ciudades saludables. Calidad del aire.<\/a><\/blockquote><iframe sandbox=\"allow-scripts\" security=\"restricted\" src=\"https:\/\/cu4arquitectura.com\/en\/2022\/04\/02\/ciudades-saludables-calidad-del-aire\/embed\/#?secret=x6GMbXlDwO\" width=\"600\" height=\"338\" title=\"&#8220;Ciudades saludables. Calidad del aire.&#8221; &#8212; CU4 Arquitectos en Valencia | Estudio de arquitectura\" data-secret=\"x6GMbXlDwO\" frameborder=\"0\" marginwidth=\"0\" marginheight=\"0\" scrolling=\"no\" class=\"wp-embedded-content\"><\/iframe><script>\n\/*! This file is auto-generated *\/\n!function(d,l){\"use strict\";l.querySelector&&d.addEventListener&&\"undefined\"!=typeof URL&&(d.wp=d.wp||{},d.wp.receiveEmbedMessage||(d.wp.receiveEmbedMessage=function(e){var t=e.data;if((t||t.secret||t.message||t.value)&&!\/[^a-zA-Z0-9]\/.test(t.secret)){for(var s,r,n,a=l.querySelectorAll('iframe[data-secret=\"'+t.secret+'\"]'),o=l.querySelectorAll('blockquote[data-secret=\"'+t.secret+'\"]'),c=new RegExp(\"^https?:$\",\"i\"),i=0;i<o.length;i++)o[i].style.display=\"none\";for(i=0;i<a.length;i++)s=a[i],e.source===s.contentWindow&&(s.removeAttribute(\"style\"),\"height\"===t.message?(1e3<(r=parseInt(t.value,10))?r=1e3:~~r<200&&(r=200),s.height=r):\"link\"===t.message&&(r=new URL(s.getAttribute(\"src\")),n=new URL(t.value),c.test(n.protocol))&&n.host===r.host&&l.activeElement===s&&(d.top.location.href=t.value))}},d.addEventListener(\"message\",d.wp.receiveEmbedMessage,!1),l.addEventListener(\"DOMContentLoaded\",function(){for(var e,t,s=l.querySelectorAll(\"iframe.wp-embedded-content\"),r=0;r<s.length;r++)(t=(e=s[r]).getAttribute(\"data-secret\"))||(t=Math.random().toString(36).substring(2,12),e.src+=\"#?secret=\"+t,e.setAttribute(\"data-secret\",t)),e.contentWindow.postMessage({message:\"ready\",secret:t},\"*\")},!1)))}(window,document);\n\/\/# sourceURL=https:\/\/cu4arquitectura.com\/wp-includes\/js\/wp-embed.min.js\n<\/script>\n","thumbnail_url":"https:\/\/cu4arquitectura.com\/wp-content\/uploads\/2024\/01\/2.png","thumbnail_width":1080,"thumbnail_height":1080,"description":"A estas alturas, seguramente ya te habr\u00e1s dado cuenta de que en la aplicaci\u00f3n del tiempo de tu m\u00f3vil hay un apartado que se llama \u201cICA\u201d (o parecido), en el que aparece una especie de term\u00f3metro o sem\u00e1foro en el que te indican c\u00f3mo es la calidad del aire en tu ciudad. En ellos se [&hellip;]"}

A estas alturas, seguramente ya te habrás dado cuenta de que en la aplicación del tiempo de tu móvil hay un apartado que se llama “ICA” (o parecido), en el que aparece una especie de termómetro o semáforo en el que te indican cómo es la calidad del aire en tu ciudad. En ellos se [&hellip;]
